).
26
What is the value of (-27 + -7 - -24) + (-4 - (-1 - 1))?
-12
Calculate 17 + -5 + -15 - (-6 + -1).
4
20 - (12 + (2 - 4))
10
-12 - (1 - (6 + -9 + 3) - -1)
-14
Evaluate (3 - 5) + 0 + -3 + -7 + 4.
-8
What is the value of 33 + 4 + 8 + -20?
25
Evaluate 19 - 7 - (-46 + 71).
-13
Evaluate 17 + (-3 + 1 - (-43 + 72)).
-14
What is -288 + 274 - (0 + -4 + (1 - -1))?
-12
-40 + 28 - (-1 + (-1 + 1 - 3))
-8
Evaluate 42 + -46 + 0 + -1.
-5
What is 0 - 6 - (-51 - -109 - 65)?
1
What is the value of 1 + (-3 - (-2 + 4)) - (-521 + 526)?
-9
What is 2 - (-3 + (-10 - 2))?
17
Evaluate (-3 - 5) + ((-11 - -2) + 3 - 9).
-23
What is -30 + (21 - (27 - 27))?
-9
-6 - (-22 - ((-8 - 7) + 8))
9
What is the value of 15 - (3 + (-29 - (-14 + -2)))?
25
Evaluate 10 - (-16 + -11 + 26).
11
Evaluate 134 - 138 - (-1 + 3).
-6
253 + -254 - (11 - 0)
-12
What is -6 + -14 + 30 + -16 + 1 + -7?
-12
Calculate -1 + (10 - (20 + 1)) + 28.
16
Calculate 9 + ((-24 - -50) + -28 - (1 - 10)).
16
Calculate 5 + -8 + -13 + 6 + 1.
-9
Calculate 17 + 3 - (12 - (-7 - -9)) - 27.
-17
What is -15 - (-23 + (11 - 0) - 4)?
1
What is (-30 - -15) + 39 - 15 - -9?
18
Calculate -18 + (8 - 19 - -38) - 26.
-17
Evaluate -334 - -352 - (37 + -3).
-16
What is the value of -16 + 15 - (7 - (8 - 3))?
-3
(-8 - -1) + (-2 - ((-7 - -4) + 6))
-12
Evaluate -12 - ((36 - 76) + 1 + 6).
21
What is (-11 + -2 - -27) + -14?
0
Evaluate 4 - (-16 + 8 - -10) - (-6 - 0).
8
Calculate 123 + -131 + 9 + -1 + (-11 - 0).
-11
What is 1 + -7 + 11 + 12 - -11?
28
What is 33 + -10 - 10 - 20?
-7
Evaluate -342 + 336 + 1 + -9 + 3.
-11
Calculate -4 - -3 - (-4 - -8 - (-1 - 0)).
-6
What is the value of (-5 - 2) + 16 + -7 + 2 - 39?
-35
(-41 - -34) + (0 - -5) - -3
1
Calculate -25 - (-12 + -10 - 23).
20
Calculate -25 - (13 - 44) - (-2 + 5).
3
Evaluate 5 + (-3 - (-17 - -2)) + -4.
13
Calculate 22 - 34 - (-48 - (8 + -19)).
25
Evaluate -14 + -4 - (-43 - -20).
5
Calculate -27 - ((-36 - -37) + -63).
35
Calculate 1 - 1 - ((74 - 42) + -47).
15
Evaluate -11 + 0 + (-4 - (5 - 5) - -5).
-10
Evaluate 2 + 13 + (-3 - 35).
-23
What is the value of 15 + -3 + -2 - 9?
1
Calculate (0 - -3) + 8 - (-89 + 88).
12
What is the value of -1 + -14 + 960 + -949?
-4
21 - (-3 + 4) - 15
5
What is -11 + -1 + -7 + (8 - (-1 - 19))?
9
Calculate (-11 + 6 - -10) + 7 + 21.
33
What is the value of (6 - 5 - -21) + -3?
19
What is (2 + -9 - (10 - 15)) + 9 + -6?
1
What is (-5 - -10) + 6 + -9?
2
Calculate 18 + 12 + (30 - 61).
-1
-24 + 3 - -30 - 25
-16
(3 - -2) + (2 - -4) + -7 + -5
-1
Calculate 5 + (3 - (4 + 0)) + (52 - 61).
-5
Calculate -2 - (6 - 3 - -4).
-9
What is the value of (-14 - -28) + (-20 - (-1 + -1))?
-4
-46 - -23 - 2 - 9 - (7 + -2)
-39
Evaluate -2 - -5 - (2 - -13 - (7 - 3)).
-8
Calculate 3 - 6 - (0 - 9) - (41 - 36).
1
Calculate -3 + 0 - (-3 + (-19 - -13) + -2).
8
-630 + 689 + 1 + -34
26
-4 + -1 + -23 + 59 + -49
-18
What is the value of -5 + 1 + 1 + (-62 - -44)?
-21
What is the value of -9 + 23 + -19 + 4?
-1
What is the value of (-42 - -51 - (-4 - 0)) + -3?
10
What is the value of 9 + (7 - -1) + -14 + -13 + 20?
10
Calculate -1007 + 1006 + -1 + 3 + -3.
-2
What is -16 + 7 + 17 - -11?
19
Calculate -12 - -13 - -15 - (4 + 4 + -5).
13
(-26 - (-46 + 25)) + 13
8
What is 1 - 0 - (-49 + 41 - (5 + 1))?
15
38 + -37 - (34 - 7)
-26
33 - (-16 + (33 - -45))
-29
-2 + (8 - 0 - (-29 - -34))
1
Calculate 8 - (1 + 21 + (46 - 40) - -3).
-23
Calculate 0 - (-4 + 23 + -25) - (-3 + 1).
8
What is the value of -2 + (17 - (11 - 9)) + -9?
4
What is (-7 - (-10 + 8) - -54) + -12?
37
6 + 2 - ((-11 - (-10 - 13)) + 22)
-26
Calculate 54 - 72 - (-1 + 3 - -1 - 4).
-17
0 + (-1 - (3 - (7 - 5))) - -10
8
What is the value of 22 + 7 + 0 + -16?
13
What is the value of -4 + -5 + 6 - (100 - 73)?
-30
(-90 - -95) + (-3 - 0)
2
What is the value of -1 + (-6 + 1 - -22 - (-1 - -5))?
12
What is 1 - (-35 + (-23 - -25) - (-5 + 0))?
29
What is the value of (3 - -4) + (-9 + -9 + 4 - 9)?
-16
What is the value of 7 - (-6 - (-11 + 4 - 10))?
-4
4 + (-5 - (-23 + 0 - (0 + -9)))
13
Evaluate -3 - (-4 - 15) - (40 + -23 - 21).
20
Evaluate 7 - (5 + -4 - -6 - -1).
-1
0 + -2 + 3 + -49 + 56
8
Calculate (1 - 14) + 5 + -1.
-9
22 + -24 + 2 + 19
19
Calculate (-54 - -18) + (1 - -13).
-22
-4 + (2 - -6) + -25 - -13
-8
Calculate -8 + 15 + 8 + -8 + -6.
1
Evaluate 36 - ((111 - 31) + -8).
-36
10 - (-3 + -4 + 3)
14
-8 + -3 + -4 + (-6 - -10) - -2
-9
(12 - (-18 + 9)) + -10
11
What is the value of 2 + -5 + 15 - 5 - (-38 - -26)?
19
Calculate 0 + -8 + (37 - (-6 + 22)).
13
2572 + -2553 + (-2 - (1 + -6))
22
What is 0 + 4 - (2 + (2 + -3 - -2))?
1
Evaluate 5 + -6 + 6 + -4 + 0.
1
Evaluate -4 - (-16 + 16 + 5).
-9
1 + -3 - (20 + -16)
-6
-2 + 2 + (-2 - 5)
-7
Evaluate 14 - (2 + -21 + 38).
-5
Evaluate 4 - 1 - (1 + -21).
23
What is -30 - (5 - (0 + 19 + (15 - 22)))?
-23
Evaluate (-31 - -41) + 0 + (-4 + 1 - 30).
-23
What is -27 + 7 + -5 + (36 - 21)?
-10
-12 + (37 - (9 + 3)) + -13
0
Calculate 14 + -26 + 22 - -2.
12
Calculate -25 + 25 + 45 - 52.
-7
Evaluate (7 - 7 - (16 + -1)) + 2 + 0.
-13
What is 2 + -7 + -14 + 32 + -6?
7
What is the value of (13 - -24 - 24) + -16 + -1 + -27?
-31
What is the value of -8 + -1 + 0 + 79 + 0 + -48?
22
Evaluate 24 + -17 + 17 + -39.
-15
Evaluate (234 - 250) + 0 + 18 - (0 + 1).
1
Calculate (-5 - ((-34 - -11) + -1)) + (0 - 4).
15
-6 - 0 - (-6 - (-2 - -8 - 18))
-12
What is 10 - (5 - (9 + -16 + 3)) - 8?
-7
Evaluate -8 - ((1 - 3) + (-25 - (-21 + -7))).
-9
Evaluate (0 - 5) + 13 + -3 + -9.
-4
What is -9 + (9 - (-9 - -28)) + 0?
-19
Evaluate 3 - ((-44 - -54) + -1 + -18 + 16).
-4
What is (11 - 30 - (-6 - -1)) + -3 + 2?
-15
What is the value of -45 + 68 + -78 - -38?
-17
(45 - 37) + -3 + (21 - 7)
19
What is 0 + (-12 - (-9 + 0) - -6) - -10?
13
25 + (-13 + 18 - 21)
9
(66 - 69) + 0 + (-1 - 9)
-13
29 + (-26 - 12) + (-4 - 1) + -1
-15
What is (0 - 0) + -4 - (33 - 34)?
-3
What is -15 + (7 - -4) + -6 + -8?
-18
Calculate 0 + (1 - (-4 - (4 + -14))).
-5
What is the value of -10 + -6 + 17 - (5 - 0)?
-4
What is -40 + -35 + 76 + 0 + -12?
-11
What is -36 + 8 + 12 - 5?
-21
3074 + -3087 + 1 + (26 - -1)
15
What is the value of -14 - (-11 + 15 - 12)?
-6
Evaluate -157 + 153 + (-1 - 8).
-13
What is the value of (-5 - -4) + (-9 - (2 + -3) - -4)?
-5
Calculate 5 - (3 + (-1 - (-5 + -19))).
-21
Evaluate (-7 - (-31 - -16)) + (-2 - 4) + -23.
-21
What is the value of 5 - 3 - (18 + 6 - 7)?
-15
Evaluate -157 - -189 - (3 - -51).
-22
Evaluate -9 + -2 + (-1 - -6) + (-2 - -2).
-6
What is the value of 28 - ((-21 - -6) + 43 + -15)?
15
Calculate (-22 - -6) + (-6 - -15) - -6.
-1
What is (-9 + 16 - 6) + 7?
8
(-15 - -7) + (113 - 108)
-3
What is the value of -2 - 42 - (685 + -693)?
-36
What is 10 - 10 - (-9 + 3)?
6
-9 + 0 + (11 - 15) - 0
-13
(52 - -17) + -50 + 15
34
What is the value of (13 - (14 - -6)) + 13?
6
Calculate 41 + -5 + -13 - 1.
22
-10 + 10 + -10 + -3
-13
Evaluate -10 - (-2 + -1 + 3 + -6 + 9).
-13
What is the value of -13 - ((28 - 0) + (-14 - -3))?
-30
What is (2 - (0 + -1)) + (31 - 45 - -19)?
8
Evaluate 6 + -24 + 8 + (3 - 0 - 5).
-12
Evaluate -7 + 6 + 67 + -81.
-15
What is the value of -5 + (-7 - 3) + -2 + 11 + 12?
6
What is 80 + -86 - ((6 - 3) + 4)?
-13
What is the value of 12 + -53 + -7 + 33?
-15
-69 + (35 - 33) - -33
-34
Calculate (-13 - -6) + (13 - 32 - -5).
-21
Evaluate (2 - (-3 - -10) - -8) + (12 - 31).
-16
Calculate -19 - ((3 - 7) + -15).
0
Calculate 0 + 24 - 17 - (11 - 0).
-4
(-10 - 0) + (-27 + 19 - 0) + -6
-24
Evaluate -4 - (3 - (-2 - (-6 + 2)) - -1).
-6
-2 + -2 + (28 - 26) - 6
-8
Evaluate (-15 - 14) + 41 - -8.
20
What is the value of 0 + -7 + 55 + -62 + 8?
-6
Evaluate 1 + (11 + -2 - (26 - 10)).
-6
(146 - 167) + (-1 - -16)
-6
What is the value of -2 + 1 - (-24 - (-19 + -10))?
-6
Calculate 15 - (15 - (23 - 15)).
8
What is -18 + (-2 - 6) + 7?
-19
What is the value of (5 + -11 - 9) + 18?
3
Evaluate 1 + -13 + (313 - 300).
1
Evaluate (8 - 1) + (9 - (25 + 4 + -13)).
0
What is -15 + 9 - 14 - (-6 - (1 - 0))?
-13
-12 + (-42 + 17 - (-2 - 7))
-28
7 + -33 + -1 - (10 + -5 + -7)
-25
-11 - (-3 + 7 + 5 + (0 - 33))
13
Calculate 1 - -5 - -1 - (3796 + -3807).
18
Evaluate -6 + 11 - ((6 - 1) + 2) - -4.
2
(25 - 16) + -69 - -40
-20
What is the value of (-2 - (13 - 11)) + 4 - -3?
3
What is 48 - (-2 - -42) - (1 + 0 + -5)?
12
What is (-2 - (-2 - (-3 - -4))) + -8?
-7
What is -858 - -843 - (-29 - 1)?
15
What is the value of -8 